0?
1022020002
In base 3, what is 10 + -1200120101111?
-1200120101101
In base 14, what is -45851 + -1?
-45852
In base 3, what is -1102200 - -102?
-1102021
In base 7, what is 131342 + -2?
131340
In base 10, what is 1 - -25506?
25507
In base 2, what is -10100011 + -1101011110110?
-1101110011001
In base 5, what is -21310 - 222?
-22032
In base 12, what is 11 + -888?
-877
In base 3, what is -100 + 10201011?
10200211
In base 3, what is -21021111202 + -2?
-21021111211
In base 3, what is 2111112021 - 112?
2111111202
In base 13, what is -37 + -535?
-56c
In base 9, what is 350183 - -4?
350187
In base 4, what is -2030010 - -303?
-2023101
In base 3, what is 12110001111 - -2?
12110001120
In base 8, what is -26 + 35247?
35221
In base 5, what is -3 + -2320143?
-2320201
In base 2, what is -1101111101001 + 10?
-1101111100111
In base 6, what is -1100 + -111?
-1211
In base 12, what is a935a + 3?
a9361
In base 14, what is -6 - c047?
-c04d
In base 13, what is 19 + -716?
-6ca
In base 13, what is 16 + 4c03?
4c19
In base 7, what is -11 + 2003230?
2003216
In base 10, what is -15256 + 3?
-15253
In base 14, what is -42d2 - 7?
-42d9
In base 5, what is -2212 + 1003243?
1001031
In base 5, what is -2 - -340030?
340023
In base 8, what is 155 - -1103?
1260
In base 13, what is 2797 + 13?
27aa
In base 3, what is -1101202 + -201?
-1102110
In base 12, what is -51 - 374?
-405
In base 9, what is -7 - -100027?
100020
In base 3, what is 120 - 212022212?
-212022022
In base 10, what is -3 - 282253?
-282256
In base 5, what is 33332 - 144?
33133
In base 10, what is 7790 + -3?
7787
In base 5, what is 103321 + 40?
103411
In base 12, what is a2 + 500?
5a2
In base 14, what is 22a85 + -1?
22a84
In base 14, what is 47 - -125?
16c
In base 13, what is -26b5 - -4?
-26b1
In base 11, what is 4 + -204a0?
-20497
In base 6, what is -233 - -3?
-230
In base 11, what is 2 + 90700?
90702
In base 8, what is -4666 + -63?
-4751
In base 12, what is 19 - 48694?
-48677
In base 16, what is 13c - 76?
c6
In base 4, what is 310000 + 30?
310030
In base 15, what is -4 - -62b70?
62b6b
In base 3, what is -100 - 11201?
-12001
In base 11, what is -1625 + -9?
-1633
In base 12, what is -605 + 7a9?
1a4
In base 7, what is 2 - -43150?
43152
In base 8, what is 5 + -147013?
-147006
In base 2, what is 1000011 - 11010001110?
-11001001011
In base 9, what is 1013 - -66?
1080
In base 15, what is -2 + 901?
8ee
In base 11, what is 2368 - -1?
2369
In base 5, what is 4 + 10030104?
10030113
In base 9, what is -14221 + 70?
-14141
In base 7, what is 110152 - 15?
110134
In base 16, what is 332 + 54?
386
In base 9, what is -3 + -3352761?
-3352764
In base 6, what is 40341242 + -2?
40341240
In base 7, what is -36604 - -4?
-36600
In base 13, what is -756 + -a?
-763
In base 14, what is 477 - 43?
434
In base 3, what is -1 + -12011112002?
-12011112010
In base 9, what is 1771 - -54?
1835
In base 11, what is -48 + -462?
-4aa
In base 6, what is -314321 + 2?
-314315
In base 4, what is -10 - 1023213322?
-1023213332
In base 7, what is 1 + 2164051?
2164052
In base 5, what is -14 - -101234?
101220
In base 10, what is -89 + 50?
-39
In base 5, what is -1121423 - -203?
-1121220
In base 8, what is 16 + -1516?
-1500
In base 9, what is 1673041 + 0?
1673041
In base 2, what is 1001000 + -1000010011?
-111001011
In base 12, what is 2594 + -7?
2589
In base 11, what is 5 + -6a94?
-6a8a
In base 2, what is -10010 + -1100111000?
-1101001010
In base 7, what is 53324 + 0?
53324
In base 3, what is -11 + 12212101121?
12212101110
In base 2, what is -100 + -100100011100001?
-100100011100101
In base 9, what is -1 - -12880?
12878
In base 7, what is 306403 - -26?
306432
In base 13, what is -11ca + -2b8?
-14b5
In base 16, what is b31b1 + 3?
b31b4
In base 12, what is 32 - -29b?
311
In base 15, what is -1c - -a4c4?
a4a7
In base 12, what is 23a53 + 4?
23a57
In base 13, what is 16 - -1550?
1566
In base 10, what is -89 + 66?
-23
In base 5, what is -11434 - -433?
-11001
In base 12, what is 3 - -48b1a?
48b21
In base 15, what is 18ae + 0?
18ae
In base 5, what is 320341 - -2011?
322402
In base 11, what is 369 - -1454?
1812
In base 11, what is 498 + 816?
1203
In base 4, what is 2 + -1201032?
-1201030
In base 5, what is 34212 + 34?
34301
In base 2, what is 11000111001100 + -10?
11000111001010
In base 11, what is 3372 - 8?
3365
In base 4, what is 11 + -31313232?
-31313221
In base 4, what is -11 + 212032002?
212031331
In base 5, what is -103100 + -20?
-103120
In base 12, what is 13 + -16741?
-1672a
In base 5, what is 101200 - 24?
101121
In base 16, what is -3c3 + 3?
-3c0
In base 5, what is 10 + 413341?
413401
In base 12, what is -1073 - 204?
-1277
In base 8, what is 44 - 320?
-254
In base 16, what is -2c61f - -5?
-2c61a
In base 3, what is 11 - 21000222?
-21000211
In base 7, what is -1034 + 106?
-625
In base 14, what is 49ab + d?
49ba
In base 15, what is -65 - c2?
-137
In base 15, what is 4 - -a051?
a055
In base 16, what is -1e3 - c74?
-e57
In base 14, what is -c - -124090?
124082
In base 16, what is -f - 357?
-366
In base 2, what is 100101001100011010001 + 1?
100101001100011010010
In base 11, what is 4 - 28722?
-28719
In base 10, what is 2818 - -20?
2838
In base 10, what is -19 - -103825?
103806
In base 10, what is -229464 - -3?
-229461
In base 9, what is -604 + 76?
-517
In base 4, what is -3 + -10311112?
-10311121
In base 16, what is -4 - -cd7?
cd3
In base 5, what is -23212 + 23?
-23134
In base 10, what is -12 - -5406?
5394
In base 9, what is -1 - -343?
342
In base 12, what is 19a - -40?
21a
In base 8, what is 2766 - -15?
3003
In base 12, what is 5b56 - -10?
5b66
In base 10, what is -146 - 1015?
-1161
In base 11, what is 3 + -211092?
-21108a
In base 10, what is 5 + 24498?
24503
In base 3, what is 0 - 12121102011?
-12121102011
In base 13, what is 5c6 + -168?
45b
In base 2, what is 11001100 + 1011101?
100101001
In base 4, what is -10310201002 + 3?
-10310200333
In base 9, what is -57 + -18085?
-18153
In base 13, what is -55 - 9aa?
-a32
In base 11, what is 1a36 + 4?
1a3a
In base 6, what is -14110 + -355?
-14505
In base 8, what is -1131073 - 6?
-1131101
In base 7, what is 12 + -320065?
-320053
In base 14, what is -1620 - d?
-162d
In base 2, what is 10101 + 101000111010110?
101000111101011
In base 9, what is 3 + -12861?
-12857
In base 12, what is b5 - -2671?
2766
In base 6, what is -22502 + 155?
-22303
In base 11, what is -2 + -9577?
-9579
In base 2, what is 100000110 - 111000001?
-10111011
In base 11, what is 476a - -6?
4775
In base 5, what is 40123 + -1434?
33134
In base 16, what is 5e2 - 145?
49d
In base 2, what is 110011101110001010000011 - 0?
110011101110001010000011
In base 5, what is 0 + -10244400?
-10244400
In base 14, what is 162 + -6?
15a
In base 6, what is -1 - -2520?
2515
In base 13, what is -65 - 78b?
-823
In base 12, what is -94a - 18?
-966
In base 11, what is 1 - 5140?
-513a
In base 2, what is -100100100 + -1010001100000?
-1010110000100
In base 14, what is -1090 - -136?
-d58
In base 2, what is -1000100101100 + -10?
-1000100101110
In base 12, what is 5 + 3007?
3010
In base 4, what is -3 - 123123111?
-123123120
In base 16, what is 2 - -23cd?
23cf
In base 14, what is -7 - 12566?
-1256d
In base 10, what is -2442 - 50?
-2492
In base 7, what is 121 - -5456?
5610
In base 11, what is -197 + 1876?
168a
In base 11, what is -13 + -1278a7?
-12790a
In base 6, what is -114134 - 20?
-114154
In base 11, what is 2 - 389703?
-389701
In base 13, what is 6 - -36382?
36388
In base 16, what is -15b5 - -6c?
-1549
In base 6, what is 134141 - -125?
134310
In base 6, what is -21302 - 4?
-21310
In base 12, what is 53 - -294?
327
In base 7, what is -26031541 + 0?
-26031541
In base 10, what is 5 - -4853?
4858
In base 14, what is -5203ba + -4?
-5203c0
In base 9, what is 135 - 82?
43
In base 3, what is 102021222212 - -2?
102021222221
In base 16, what is -174 + -363?
-4d7
In base 15, what is -5 - -2690?
268a
In base 15, what is 9 - -5375?
537e
In base 8, what is 1 + -1445551?
-1445550
In base 10, what is -301 - -324?
23
In base 10, what is -498430 + 5?
-498425
In base 11, what is 10 + -6a582?
-6a572
In base 7, what is 4 - -6124336?
6124343
In base 11, what is 1711 - 0?
1711
In base 5, what is -10 + 31440?
31430
In base 10, what is -1581 - -528?
-1053
In base 3, what is 2020210 - -222?
2021202
In base 14, what 